{"id":39,"date":"2022-02-16T18:04:02","date_gmt":"2022-02-16T18:04:02","guid":{"rendered":"http:\/\/thomaszigahn.de\/?page_id=39"},"modified":"2022-03-17T19:07:06","modified_gmt":"2022-03-17T19:07:06","slug":"archiv","status":"publish","type":"page","link":"http:\/\/thomaszigahn.de\/?page_id=39","title":{"rendered":"Archiv"},"content":{"rendered":"\n<p>Hier eine Liste der abgeschlossenen Projekte:<\/p>\n\n\n\n<p><a href=\"http:\/\/thomaszigahn.de\/?page_id=262\">Ausstellung Post-Wert-Zeichen (2021)<\/a> &#8211; Soloausstellung.<\/p>\n\n\n\n<p><a href=\"http:\/\/thomaszigahn.de\/?page_id=193\">K\u00fcnstlich Hildesheim (2021)<\/a> &#8211; Pop-Up Galerie in Hildesheim.<\/p>\n\n\n\n<p><a href=\"http:\/\/thomaszigahn.de\/?page_id=185\">Licht an! (2020)<\/a> &#8211; Kunstprojekt w\u00e4hrend des Full-Lockdown.<\/p>\n\n\n\n<p><a href=\"http:\/\/thomaszigahn.de\/?page_id=176\">Kippenstummelprojekt (2019)<\/a> &#8211; Kunst im \u00f6ffentlichen Raum.<\/p>\n","protected":false},"excerpt":{"rendered":"<p>Hier eine Liste der abgeschlossenen Projekte: Ausstellung Post-Wert-Zeichen (2021) &#8211; Soloausstellung. K\u00fcnstlich Hildesheim (2021) &#8211; Pop-Up Galerie in Hildesheim. Licht an! (2020) &#8211; Kunstprojekt w\u00e4hrend des Full-Lockdown. Kippenstummelprojekt (2019) &#8211; Kunst im \u00f6ffentlichen Raum.<\/p>\n","protected":false},"author":1,"featured_media":0,"parent":0,"menu_order":0,"comment_status":"closed","ping_status":"closed","template":"","meta":{"_mo_disable_npp":"","footnotes":""},"class_list":["post-39","page","type-page","status-publish","hentry","no-post-thumbnail","post-grid-4-col","entry"],"_links":{"self":[{"href":"http:\/\/thomaszigahn.de\/index.php?rest_route=\/wp\/v2\/pages\/39","targetHints":{"allow":["GET"]}}],"collection":[{"href":"http:\/\/thomaszigahn.de\/index.php?rest_route=\/wp\/v2\/pages"}],"about":[{"href":"http:\/\/thomaszigahn.de\/index.php?rest_route=\/wp\/v2\/types\/page"}],"author":[{"embeddable":true,"href":"http:\/\/thomaszigahn.de\/index.php?rest_route=\/wp\/v2\/users\/1"}],"replies":[{"embeddable":true,"href":"http:\/\/thomaszigahn.de\/index.php?rest_route=%2Fwp%2Fv2%2Fcomments&post=39"}],"version-history":[{"count":3,"href":"http:\/\/thomaszigahn.de\/index.php?rest_route=\/wp\/v2\/pages\/39\/revisions"}],"predecessor-version":[{"id":533,"href":"http:\/\/thomaszigahn.de\/index.php?rest_route=\/wp\/v2\/pages\/39\/revisions\/533"}],"wp:attachment":[{"href":"http:\/\/thomaszigahn.de\/index.php?rest_route=%2Fwp%2Fv2%2Fmedia&parent=39"}],"curies":[{"name":"wp","href":"https:\/\/api.w.org\/{rel}","templated":true}]}}